{"id":780,"date":"2025-08-27T14:33:39","date_gmt":"2025-08-27T14:33:39","guid":{"rendered":"https:\/\/aif.org.es\/?page_id=780"},"modified":"2025-08-27T14:48:01","modified_gmt":"2025-08-27T14:48:01","slug":"asesoramiento-y-orientacion-para-personas-asperger-y-familiares","status":"publish","type":"page","link":"https:\/\/aif.org.es\/?page_id=780","title":{"rendered":"Asesoramiento y orientaci\u00f3n para personas Asperger y familiares"},"content":{"rendered":"\n<div class=\"wp-block-columns is-layout-flex wp-container-core-columns-is-layout-9d6595d7 wp-block-columns-is-layout-flex\">\n<div class=\"wp-block-column is-layout-flow wp-block-column-is-layout-flow\" style=\"flex-basis:33.33%\">\n<figure class=\"wp-block-image size-full\"><img loading=\"lazy\" decoding=\"async\" width=\"500\" height=\"500\" src=\"https:\/\/aif.org.es\/wp-content\/uploads\/2025\/08\/psicologa.png\" alt=\"\" class=\"wp-image-784\" srcset=\"https:\/\/aif.org.es\/wp-content\/uploads\/2025\/08\/psicologa.png 500w, https:\/\/aif.org.es\/wp-content\/uploads\/2025\/08\/psicologa-300x300.png 300w, https:\/\/aif.org.es\/wp-content\/uploads\/2025\/08\/psicologa-150x150.png 150w\" sizes=\"auto, (max-width: 500px) 100vw, 500px\" \/><\/figure>\n<\/div>\n\n\n\n<div class=\"wp-block-column is-layout-flow wp-block-column-is-layout-flow\" style=\"flex-basis:66.66%\">\n<p>Ofrecemos atenci\u00f3n y asesoramiento a las personas asociadas, pero tambi\u00e9n a las personas que no son a\u00fan socias y se acercan a la asociaci\u00f3n en busca de orientaci\u00f3n. <\/p>\n\n\n\n<p>A trav\u00e9s de este servicio ofrecemos:<\/p>\n\n\n\n<ul class=\"wp-block-list\">\n<li>Atenci\u00f3n telef\u00f3nica.<\/li>\n\n\n\n<li>Acogida en la asociaci\u00f3n: orientaci\u00f3n y apoyo psicol\u00f3gico.<\/li>\n\n\n\n<li>Derivaci\u00f3n a otros recursos comunitarios (USMIA, consulta TEA de adultos, SAIL-PD).<\/li>\n\n\n\n<li>Apoyo en la solicitud de becas y ayudas. Asesoramiento en materia de discapacidad y dependencia.<\/li>\n\n\n\n<li>Acompa\u00f1amiento en reuniones, valoraciones de discapacidad, etc.<\/li>\n<\/ul>\n<\/div>\n<\/div>\n\n\n\n<p>Si necesitas asesoramiento en materia de recursos o de apoyos para ti o para un familiar puedes ponerte en <a href=\"https:\/\/aif.org.es\/?page_id=475\" data-type=\"page\" data-id=\"475\">contacto con nosotros.<\/a> <\/p>\n","protected":false},"excerpt":{"rendered":"<p>Ofrecemos atenci\u00f3n y asesoramiento a las personas asociadas, pero tambi\u00e9n a las personas que no son a\u00fan socias y se acercan a la asociaci\u00f3n en busca de orientaci\u00f3n. A trav\u00e9s de este servicio ofrecemos: Si necesitas asesoramiento en materia de recursos o de apoyos para ti o para un familiar puedes ponerte en contacto con\u2026 <span class=\"read-more\"><a href=\"https:\/\/aif.org.es\/?page_id=780\">Leer m\u00e1s &raquo;<\/a><\/span><\/p>\n","protected":false},"author":1,"featured_media":0,"parent":0,"menu_order":0,"comment_status":"closed","ping_status":"closed","template":"","meta":{"footnotes":""},"class_list":["post-780","page","type-page","status-publish","hentry"],"_links":{"self":[{"href":"https:\/\/aif.org.es\/index.php?rest_route=\/wp\/v2\/pages\/780","targetHints":{"allow":["GET"]}}],"collection":[{"href":"https:\/\/aif.org.es\/index.php?rest_route=\/wp\/v2\/pages"}],"about":[{"href":"https:\/\/aif.org.es\/index.php?rest_route=\/wp\/v2\/types\/page"}],"author":[{"embeddable":true,"href":"https:\/\/aif.org.es\/index.php?rest_route=\/wp\/v2\/users\/1"}],"replies":[{"embeddable":true,"href":"https:\/\/aif.org.es\/index.php?rest_route=%2Fwp%2Fv2%2Fcomments&post=780"}],"version-history":[{"count":3,"href":"https:\/\/aif.org.es\/index.php?rest_route=\/wp\/v2\/pages\/780\/revisions"}],"predecessor-version":[{"id":787,"href":"https:\/\/aif.org.es\/index.php?rest_route=\/wp\/v2\/pages\/780\/revisions\/787"}],"wp:attachment":[{"href":"https:\/\/aif.org.es\/index.php?rest_route=%2Fwp%2Fv2%2Fmedia&parent=780"}],"curies":[{"name":"wp","href":"https:\/\/api.w.org\/{rel}","templated":true}]}}